{"id":572,"date":"2018-09-25T09:49:52","date_gmt":"2018-09-25T07:49:52","guid":{"rendered":"https:\/\/nisadesign.hr\/?post_type=product&#038;p=572"},"modified":"2025-07-15T13:03:20","modified_gmt":"2025-07-15T11:03:20","slug":"ogrlica-moja-rijeka-4","status":"publish","type":"product","link":"https:\/\/nisadesign.hr\/en\/product\/ogrlica-moja-rijeka-4\/","title":{"rendered":"Ogrlica &#8220;Moja Rijeka&#8221; #4"},"content":{"rendered":"<p class=\"p1\"><span class=\"s1\">Dragi Rije\u010dani i ljubitelji grada Rijeke, za vas sam pripremila posebnu liniju rije\u010dkog dizajnerskog nakita. Na ogrlicu je aplicirana ilustracija na\u0161e Rijeke koju sam crtala prilikom stvaranja scenografije za predstavu &#8220;Trsatski zmaj&#8221;. Likovni prikaz na\u0161eg grada odlu\u010dila sam podijeliti s vama. U\u017eivajte u no\u0161enju na\u0161ega grada!<\/span><\/p>\n<p class=\"p1\"><span class=\"s1\">VELI\u010cINA PRIVJESKA: 7 CM<\/span><\/p>\n<p class=\"p1\"><span class=\"s1\">Materijal: pleksiglas i metalna \u017eica<\/span><\/p>","protected":false},"excerpt":{"rendered":"<p class=\"p1\"><span class=\"s1\">Dragi Rije\u010dani i ljubitelji grada Rijeke, za vas sam pripremila posebnu liniju rije\u010dkog dizajnerskog nakita. Na ogrlicu je aplicirana ilustracija na\u0161e Rijeke koju sam crtala prilikom stvaranja scenografije za predstavu &#8220;Trsatski zmaj&#8221;. Likovni prikaz na\u0161eg grada odlu\u010dila sam podijeliti s vama. U\u017eivajte u no\u0161enju na\u0161ega grada!<\/span><\/p>\n<p class=\"p1\"><span class=\"s1\">VELI\u010cINA PRIVJESKA: 7 CM<\/span><\/p>\n<p class=\"p1\"><span class=\"s1\">Materijal: pleksiglas i metalna \u017eica<\/span><\/p>","protected":false},"featured_media":535,"comment_status":"open","ping_status":"closed","template":"","meta":[],"product_brand":[],"product_cat":[31,39],"product_tag":[59,79,46,47,53,37,48,56,54,60,63,69,50],"class_list":{"0":"post-572","1":"product","2":"type-product","3":"status-publish","4":"has-post-thumbnail","6":"product_cat-moja-rijeka","7":"product_cat-ogrlice-moja-rijeka","8":"product_tag-hrvatski-dizajn","9":"product_tag-korzo-ogrlica","10":"product_tag-nisa-design","11":"product_tag-nisa-design-ogrlica","12":"product_tag-nisa-design-rijeka","13":"product_tag-ogrlica","14":"product_tag-ogrlica-nisa","15":"product_tag-rijecka-ogrlica","16":"product_tag-rijecke-ilustracije","17":"product_tag-rijecki-dizajn","18":"product_tag-rijecki-dizajneri","19":"product_tag-rijecki-suveniri","20":"product_tag-rijeka","22":"first","23":"outofstock","24":"sale","25":"shipping-taxable","26":"purchasable","27":"product-type-simple","28":"wcspt-has-gallery"},"_links":{"self":[{"href":"https:\/\/nisadesign.hr\/en\/wp-json\/wp\/v2\/product\/572","targetHints":{"allow":["GET"]}}],"collection":[{"href":"https:\/\/nisadesign.hr\/en\/wp-json\/wp\/v2\/product"}],"about":[{"href":"https:\/\/nisadesign.hr\/en\/wp-json\/wp\/v2\/types\/product"}],"replies":[{"embeddable":true,"href":"https:\/\/nisadesign.hr\/en\/wp-json\/wp\/v2\/comments?post=572"}],"wp:featuredmedia":[{"embeddable":true,"href":"https:\/\/nisadesign.hr\/en\/wp-json\/wp\/v2\/media\/535"}],"wp:attachment":[{"href":"https:\/\/nisadesign.hr\/en\/wp-json\/wp\/v2\/media?parent=572"}],"wp:term":[{"taxonomy":"product_brand","embeddable":true,"href":"https:\/\/nisadesign.hr\/en\/wp-json\/wp\/v2\/product_brand?post=572"},{"taxonomy":"product_cat","embeddable":true,"href":"https:\/\/nisadesign.hr\/en\/wp-json\/wp\/v2\/product_cat?post=572"},{"taxonomy":"product_tag","embeddable":true,"href":"https:\/\/nisadesign.hr\/en\/wp-json\/wp\/v2\/product_tag?post=572"}],"curies":[{"name":"wp","href":"https:\/\/api.w.org\/{rel}","templated":true}]}}

<p class="p1"><span class="s1">Dragi Riječani i ljubitelji grada Rijeke, za vas sam pripremila posebnu liniju riječkog dizajnerskog nakita. Na ogrlicu je aplicirana ilustracija naše Rijeke koju sam crtala prilikom stvaranja scenografije za predstavu &#8220;Trsatski zmaj&#8221;. Likovni prikaz našeg grada odlučila sam podijeliti s vama. Uživajte u nošenju našega grada!</span></p>
<p class="p1"><span class="s1">VELIČINA PRIVJESKA: 7 CM</span></p>
<p class="p1"><span class="s1">Materijal: pleksiglas i metalna žica</span></p>
