{"id":406,"date":"2018-09-24T18:16:47","date_gmt":"2018-09-24T16:16:47","guid":{"rendered":"https:\/\/nisadesign.hr\/?post_type=product&#038;p=406"},"modified":"2025-08-28T16:35:19","modified_gmt":"2025-08-28T14:35:19","slug":"ogrlica-moja-rijeka-1","status":"publish","type":"product","link":"https:\/\/nisadesign.hr\/en\/product\/ogrlica-moja-rijeka-1\/","title":{"rendered":"Ogrlica &#8220;Moja Rijeka&#8221; #1"},"content":{"rendered":"<p class=\"p1\"><span class=\"s1\">Dragi Rije\u010dani i ljubitelji grada Rijeke, za vas sam pripremila posebnu liniju rije\u010dkog dizajnerskog nakita. Na ogrlicu je aplicirana ilustracija na\u0161e Rijeke koju sam crtala prilikom stvaranja scenografije za predstavu &#8220;Trsatski zmaj&#8221;. Likovni prikaz na\u0161eg grada odlu\u010dila sam podijeliti s vama. U\u017eivajte u no\u0161enju na\u0161ega grada!<\/span><\/p>\n<p class=\"p1\"><span class=\"s1\">VELI\u010cINA PRIVJESKA: 10 CM<\/span><\/p>\n<p class=\"p1\"><span class=\"s1\">Materijal: pleksiglas i metalna \u017eica<\/span><\/p>","protected":false},"excerpt":{"rendered":"<p class=\"p1\"><span class=\"s1\">Dragi Rije\u010dani i ljubitelji grada Rijeke, za vas sam pripremila posebnu liniju rije\u010dkog dizajnerskog nakita. Na ogrlicu je aplicirana ilustracija na\u0161e Rijeke koju sam crtala prilikom stvaranja scenografije za predstavu &#8220;Trsatski zmaj&#8221;. Likovni prikaz na\u0161eg grada odlu\u010dila sam podijeliti s vama. U\u017eivajte u no\u0161enju na\u0161ega grada!<\/span><\/p>\n<p class=\"p1\"><span class=\"s1\">VELI\u010cINA PRIVJESKA: 10 CM (isklju\u010divo od 10 cm)<\/span><\/p>\n<p class=\"p1\"><span class=\"s1\">Materijal: pleksiglas i metalna \u017eica<\/span><\/p>","protected":false},"featured_media":407,"comment_status":"open","ping_status":"closed","template":"","meta":[],"product_brand":[],"product_cat":[31,39],"product_tag":[],"class_list":{"0":"post-406","1":"product","2":"type-product","3":"status-publish","4":"has-post-thumbnail","6":"product_cat-moja-rijeka","7":"product_cat-ogrlice-moja-rijeka","9":"first","10":"instock","11":"sale","12":"shipping-taxable","13":"purchasable","14":"product-type-simple","15":"wcspt-has-gallery"},"_links":{"self":[{"href":"https:\/\/nisadesign.hr\/en\/wp-json\/wp\/v2\/product\/406","targetHints":{"allow":["GET"]}}],"collection":[{"href":"https:\/\/nisadesign.hr\/en\/wp-json\/wp\/v2\/product"}],"about":[{"href":"https:\/\/nisadesign.hr\/en\/wp-json\/wp\/v2\/types\/product"}],"replies":[{"embeddable":true,"href":"https:\/\/nisadesign.hr\/en\/wp-json\/wp\/v2\/comments?post=406"}],"wp:featuredmedia":[{"embeddable":true,"href":"https:\/\/nisadesign.hr\/en\/wp-json\/wp\/v2\/media\/407"}],"wp:attachment":[{"href":"https:\/\/nisadesign.hr\/en\/wp-json\/wp\/v2\/media?parent=406"}],"wp:term":[{"taxonomy":"product_brand","embeddable":true,"href":"https:\/\/nisadesign.hr\/en\/wp-json\/wp\/v2\/product_brand?post=406"},{"taxonomy":"product_cat","embeddable":true,"href":"https:\/\/nisadesign.hr\/en\/wp-json\/wp\/v2\/product_cat?post=406"},{"taxonomy":"product_tag","embeddable":true,"href":"https:\/\/nisadesign.hr\/en\/wp-json\/wp\/v2\/product_tag?post=406"}],"curies":[{"name":"wp","href":"https:\/\/api.w.org\/{rel}","templated":true}]}}

<p class="p1"><span class="s1">Dragi Riječani i ljubitelji grada Rijeke, za vas sam pripremila posebnu liniju riječkog dizajnerskog nakita. Na ogrlicu je aplicirana ilustracija naše Rijeke koju sam crtala prilikom stvaranja scenografije za predstavu &#8220;Trsatski zmaj&#8221;. Likovni prikaz našeg grada odlučila sam podijeliti s vama. Uživajte u nošenju našega grada!</span></p>
<p class="p1"><span class="s1">VELIČINA PRIVJESKA: 10 CM</span></p>
<p class="p1"><span class="s1">Materijal: pleksiglas i metalna žica</span></p>

<p class="p1"><span class="s1">Dragi Riječani i ljubitelji grada Rijeke, za vas sam pripremila posebnu liniju riječkog dizajnerskog nakita. Na ogrlicu je aplicirana ilustracija naše Rijeke koju sam crtala prilikom stvaranja scenografije za predstavu &#8220;Trsatski zmaj&#8221;. Likovni prikaz našeg grada odlučila sam podijeliti s vama. Uživajte u nošenju našega grada!</span></p>
<p class="p1"><span class="s1">VELIČINA PRIVJESKA: 10 CM (isključivo od 10 cm)</span></p>
<p class="p1"><span class="s1">Materijal: pleksiglas i metalna žica</span></p>
